be (51/(-12)*r)/((-7)/98). Let c = -82 - k. What is the units digit of c?
7
Let u = 47124 - 560. What is the tens digit of u?
6
Let n(b) = -4*b - 4 - 3 - 32*b. Suppose 13*k - 9*k = -8. What is the tens digit of n(k)?
6
Let x be ((-236)/(-177))/((-2)/(-21)). What is the thousands digit of 18738/x + 165/(-385)?
1
Let o(q) = q**2 + 6*q + 10. Let u be o(-5). Suppose u*h - h = -564. Let z = -76 - h. What is the units digit of z?
5
Suppose 0 = -1237*a + 1473*a - 4246008 - 12414648. What is the thousands digit of a?
0
Suppose -15*n + 103938 = -48522. What is the tens digit of n?
6
Suppose 1371 = -2*o - 4*d + 3*d, 669 = -o + 5*d. Let w = o + 1042. What is the tens digit of w?
5
Let m = 164 - 82. Let k = -36 + m. What is the units digit of k?
6
What is the units digit of ((-261)/54)/(-29) - 150980/(-24)?
1
Let l = 14974 + -8998. What is the hundreds digit of l?
9
Let y = -72 + 71. What is the tens digit of (-2912)/8*(y + 0)?
6
What is the units digit of 6/2*1/12*6424?
6
Let h be 4/10*25/5 - -112. Let v = 122 - h. Suppose 412 = -4*i + v*i. What is the tens digit of i?
0
Let k(v) = v**2 - 13*v - 3. Let i be k(14). Suppose 1 = -5*x + i. Let z(q) = 22*q + 9. What is the tens digit of z(x)?
5
Suppose 199*u + 16781 = -107*u + 16493351. What is the hundreds digit of u?
8
Suppose 4*n + 2*f - 12 = 4*f, -4*f + 2 = 5*n. Suppose -n*c - 91 = -1257. Suppose 3*k - 8*k = -2*y - c, -4*y - 16 = 0. What is the hundreds digit of k?
1
Suppose 5*d + 2 = -3. Let m be 3 + d + (-2 - -4). Suppose -37 = -i - m*i - 3*p, 0 = 5*i - 5*p - 5. What is the units digit of i?
5
Let m = -16 - -20. Suppose -6*t = -7*t - m. What is the units digit of -2 - -11 - (1 + t)?
2
Suppose 0 = -u + 2*a + 11, 2*a - 3 + 34 = 5*u. Suppose -11 = -u*l - 1. Suppose 0 = 2*v - 3*i - 140, 0*v = -4*v + l*i + 264. What is the units digit of v?
4
Let y be -27 - -22 - (-998)/1. Let d = -653 + y. What is the hundreds digit of d?
3
What is the thousands digit of (-20773)/(-11) - ((-306)/(-255))/((-22)/10)?
1
Let u = 24108 + 21706. What is the tens digit of u?
1
Let c be -18*8/72*78. Let r = c + 689. What is the hundreds digit of r?
5
What is the tens digit of (4185/18 - 15)*14?
4
Let f(h) = -15*h + 103. Let b be f(8). Let c(u) = u**3 + 19*u**2 + 12*u - 33. What is the units digit of c(b)?
1
Let n(u) = 84*u - 90*u - 3*u**2 - 5 + 27 - 2*u**3 + u**3. What is the units digit of n(-8)?
0
Let c(j) = 63*j + 85*j - 45*j + 29*j - 166. What is the units digit of c(6)?
6
Let s(a) = a + 77. Let h be s(0). Suppose 3*l + 4 = 5*l. Suppose h + 7 = l*i. What is the tens digit of i?
4
Let k = -42534 - -60897. What is the units digit of k?
3
Let z = 35779 + -23761. What is the thousands digit of z?
2
Let m(x) = 1312*x + 650. What is the tens digit of m(5)?
1
Let v(f) = -6*f - 1. Let a = 55 + -69. Let l be v(a). Let d = 120 - l. What is the units digit of d?
7
Suppose v - w - 499 = -3*v, -2*v + 254 = 4*w. Let a = v - -401. What is the units digit of a?
6
Let w(s) = 613*s**3 + 8*s**2 - 5. What is the thousands digit of w(2)?
4
Suppose -22*w + 480 = -28*w. What is the tens digit of (1632/w)/((-9)/30)?
6
Suppose b = 3*q - 488, 5*b - 5*q + 9*q + 2383 = 0. Let m = 675 + b. What is the hundreds digit of m?
1
Let x(a) = -848*a - 663. What is the thousands digit of x(-5)?
3
Suppose 0 = 4*c + 61 + 787. Let f = -76 - c. What is the tens digit of f?
3
Suppose -8*v + 1639 = -2985. Let n = v + -281. Let r = -206 + n. What is the tens digit of r?
9
Suppose 0 = -2*x + x - 26. Suppose -84495 = -42*t + 92409. What is the units digit of t/x*(2/(-4) + 0)?
1
Let a(o) be the second derivative of 20*o**3/3 + 17*o**2 - 3*o. Let r be a(-5). Let l = r + 298. What is the tens digit of l?
3
Let q = -16200 - -29973. What is the tens digit of q?
7
Suppose -3*t + 2*o = -7303 + 2933, 3*o + 3 = 0. What is the units digit of t?
6
Suppose -2 = 17*n + 83. What is the units digit of (346/4)/(305/60 + n)?
8
Let b(l) = -3*l - 78. Let m be b(-29). Suppose -6*n - 15 = -m*n, 4*g - 466 = 2*n. What is the units digit of g?
9
Let t(g) be the second derivative of -3*g**5/10 - g**4/2 - 5*g**3/3 - g**2/2 + 62*g. What is the units digit of t(-4)?
7
Suppose -2*s - 40 = -6*s + 4*c, 0 = 5*s + c - 74. Suppose 0 = -3*i + s + 502. Suppose -308 = -3*w + 5*p, 4*p - i = -2*w - p. What is the tens digit of w?
9
Let q be (4 + -1)*4718/42. Suppose 339*m - 1304 = q*m. What is the units digit of m?
2
Let v = -561 - -1162. Suppose -2*t = -3*m + v + 22, 0 = -5*t - 20. What is the tens digit of m?
0
Suppose h + 12331 = 2*g - 13653, 5*g = -2*h + 64969. What is the tens digit of g?
9
Let r(l) be the first derivative of l**3/3 + 25*l**2/2 + 493*l - 18. What is the hundreds digit of r(0)?
4
Suppose 2 = -z - 1. Let o(i) = 17*i + 1. Let s(v) = -17*v + 1. Let q(y) = 5*o(y) + 6*s(y). What is the units digit of q(z)?
2
Let g(r) = r**2 + 35*r + 36. Let o be g(-34). What is the units digit of (-35)/15 + o + (-24590)/(-15)?
9
Let n(a) = 11*a**2 - 6*a. Let w(c) = -c**2 - 3*c + 3. Let v be w(0). Let b be n(v). Suppose 85*p - b*p - 452 = 0. What is the tens digit of p?
1
Suppose -77*q = -79*q + 652. What is the tens digit of q?
2
Let y(v) = -1084*v + 2571. What is the tens digit of y(-8)?
4
Let g(c) = -5*c**3 - 9*c**2 + 14*c + 56. Let w be -5 + 0/(-6) - -1. What is the hundreds digit of g(w)?
1
Suppose -27*r - 84 = -33*r. Suppose 1668 = -11*l + r*l + 4*s, -2780 = -5*l + 2*s. What is the units digit of l?
6
Let j be (4/(-2) + 6)*(7 + -5). Suppose -j*h = -12*h - 236. Let w = -24 - h. What is the tens digit of w?
3
Let h = 3004 + -4694. What is the hundreds digit of h/(-12) + 43/258?
1
Suppose q - 4*q - d = 217, 0 = 4*q + d + 288. Let c = -5 + q. Let v = 114 + c. What is the units digit of v?
8
Let m(v) = -v**3 + 6*v**2 + v + 1. Suppose 12*l - 10*l - 12 = 0. Let x be m(l). Suppose -p = -8 - x. What is the tens digit of p?
1
Suppose -564*o - 28089 = -567*o. Suppose -o = -16*r + 11821. What is the hundreds digit of r?
3
Let u(y) = 5*y + 4. Let v(l) = l. Let x(h) = 2*u(h) + 6*v(h). Suppose -5*i - 5*w + 35 = 0, 4*i + 2*w = 6*w + 12. What is the units digit of x(i)?
8
Let t(q) = -42*q - 91. Let k be t(4). What is the hundreds digit of 4/(-1)*(k + 8)?
0
Let x = 79640 + -46825. What is the thousands digit of x?
2
Let o = 219 - 219. Suppose -a + 3 = o, -4*a + 0*a = 4*q - 1468. What is the units digit of q?
4
Let n(x) = -3*x**2 + 3*x - 1. Let s be n(3). Let i = s - 0. Let y(m) = m**3 + 20*m**2 + 9*m - 21. What is the hundreds digit of y(i)?
1
Let p = 484 + -483. Let a(f) = 1204*f**3 + f**2 + 2*f - 1. What is the thousands digit of a(p)?
1
Let g be ((-39)/26)/(-2*(-9)/9192). Let d = g + 1134. What is the units digit of d?
8
Let r = -201 - -198. What is the units digit of (0 - -392) + ((-40)/10 - r)?
1
Let t be ((-146)/4)/((-3)/2 + 1). Let k = 160 - t. What is the units digit of k?
7
Suppose 2*a - 3385 = 5*n, 6*a - 4*n - 6764 = 2*a. What is the tens digit of a/16 - 6/(-16)?
0
Let u = 108 + 3717. Let i = u - 2568. What is the thousands digit of i?
1
Let m(c) be the first derivative of -6*c**2 + 4*c - 14. Let d be m(-7). Let p = d - 21. What is the tens digit of p?
6
Let b(i) = 17*i**2 - 9*i - 7. Let p(z) = -z**2 + 9*z + 184. Let w be p(-10). What is the units digit of b(w)?
9
Let y = 46 - 39. Suppose 2*r + 4*p = 148, y = 4*p - 13. What is the tens digit of ((-30)/8)/((-3)/r)?
8
Let b(h) = 3 - 5*h**2 + 2*h + 2 + 5 - 6*h. Let u be b(5). What is the tens digit of ((-3726)/u)/(2*1/10)?
3
Suppose 1284613 = 233*y + 346*y - 1764401. What is the units digit of y?
6
Let i(h) = 0 - 2*h - 14 - h + h**2 + h + 2*h**3. What is the hundreds digit of i(4)?
1
Let q = 124 + 11. Suppose 2*n + 31 - q = 0. Suppose l - 37 - n = 0. What is the units digit of l?
9
Let d(z) be the first derivative of z**3/3 + 5*z**2/2 + 98*z + 104. What is the hundreds digit of d(12)?
3
Let v(c) = 76*c**2 + 3*c - 8. Let d be (-2*4/24)/(1/6). What is the tens digit of v(d)?
9
Suppose -29*a = -30*a - 5*u + 2216, a - 2216 = -3*u. What is the thousands digit of a?
2
Let p(v) = -90*v + 94. Suppose 39*l = 36*l - 5*n - 25, -3*n - 6 = 0. What is the units digit of p(l)?
4
Suppose 139*w + 273203 = 1552420. What is the tens digit of w?
0
Let c be (-6)/(-21) - 13572/(-28). Let i = c + -125. What is the tens digit of i?
6
Suppose -69*m + 73*m = -2*z + 16232, -8126 = -2*m + 4*